{"id":14,"date":"2015-02-20T20:00:33","date_gmt":"2015-02-20T20:00:33","guid":{"rendered":"http:\/\/trementino.edu.co\/sitio\/?page_id=14"},"modified":"2015-03-16T18:55:21","modified_gmt":"2015-03-16T18:55:21","slug":"matriculas","status":"publish","type":"page","link":"http:\/\/tercermilenio.edu.co\/sitio\/admisiones\/matriculas\/","title":{"rendered":"Matr\u00edculas"},"content":{"rendered":"<p style=\"text-align: justify;\"><img loading=\"lazy\" class=\" size-full wp-image-119 aligncenter\" src=\"http:\/\/tercermilenio.edu.co\/sitio\/wp-content\/uploads\/2015\/02\/admi.png\" alt=\"admisiones\" width=\"720\" height=\"150\" \/><\/p>\n<p style=\"text-align: justify;\">Para el proceso de legalizaci\u00f3n de matr\u00edculas los estudiantes deben:<\/p>\n<p style=\"text-align: justify;\"><strong>1. Realizar la Inscripcion On-Line. <\/strong><\/p>\n<p style=\"text-align: justify;\"><strong>2. Presentar el examen de Admisi\u00f3n en la fecha estipulada por nuestra instituci\u00f3n.<\/strong><\/p>\n<p style=\"text-align: justify;\"><strong>3. Presentar en medio f\u00edsico los siguientes documentos:<\/strong><\/p>\n<h3 style=\"text-align: justify;\">Preescolar: (P\u00e1rvulo, Prejard\u00edn, Jard\u00edn y Transici\u00f3n)<\/h3>\n<p>o Carpeta con gancho<\/p>\n<p>o Solicitud diligenciada<\/p>\n<p>o Registro civil original o copia n\u00edtida<\/p>\n<p>o Paz y Salvo de la Instituci\u00f3n de la cual viene<\/p>\n<p>o Certificados de los cursos anteriores<\/p>\n<p>o Certificado m\u00e9dico y vacunas<\/p>\n<p>o 4 fotos 3 x 4<\/p>\n<p>o Fotocopia de afiliaci\u00f3n a alguna EPS<\/p>\n<h3>B\u00e1sica Primaria: (Primero a Quinto)<\/h3>\n<p>o Carpeta con gancho<\/p>\n<p>o Solicitud diligenciada<\/p>\n<p>o Registro civil original o copia n\u00edtida<\/p>\n<p>o Paz y Salvo de la Instituci\u00f3n de la cual viene<\/p>\n<p>o Certificados de los cursos anteriores<\/p>\n<p>o Certificado de Comportamiento y Disciplina<\/p>\n<p>o Certificado de Retiro del SIMAT<\/p>\n<p>o Certificado m\u00e9dico<\/p>\n<p>o 4 fotos 3 x 4<\/p>\n<p>o Fotocopia del carn\u00e9 de afiliaci\u00f3n a alguna EPS<\/p>\n<h3>Bachillerato:<\/h3>\n<p>o Carpeta con gancho<\/p>\n<p>o Solicitud diligenciada<\/p>\n<p>o Registro civil original o copia n\u00edtida<\/p>\n<p>o Paz y Salvo de la Instituci\u00f3n de la cual viene<\/p>\n<p>o Certificados de los cursos anteriores<\/p>\n<p>o Certificado de Comportamiento y Disciplina<\/p>\n<p>o Certificado de Retiro del SIMAT<\/p>\n<p>o Certificado m\u00e9dico<\/p>\n<p>o 4 fotos 3 x 4<\/p>\n<p>o Fotocopia del carn\u00e9 de afiliaci\u00f3n a alguna EPS<\/p>\n<p>o Diligenciar el formato de inscripci\u00f3n.(Opcional)<\/p>\n","protected":false},"excerpt":{"rendered":"<p>Para el proceso de legalizaci\u00f3n de matr\u00edculas los estudiantes deben: 1. Realizar la Inscripcion On-Line. 2. Presentar el examen de Admisi\u00f3n en la fecha estipulada por nuestra instituci\u00f3n. 3. Presentar en medio f\u00edsico los&#46;&#46;&#46;<\/p>\n","protected":false},"author":1,"featured_media":0,"parent":10,"menu_order":0,"comment_status":"open","ping_status":"open","template":"","meta":{"_mc_calendar":[]},"_links":{"self":[{"href":"http:\/\/tercermilenio.edu.co\/sitio\/wp-json\/wp\/v2\/pages\/14"}],"collection":[{"href":"http:\/\/tercermilenio.edu.co\/sitio\/wp-json\/wp\/v2\/pages"}],"about":[{"href":"http:\/\/tercermilenio.edu.co\/sitio\/wp-json\/wp\/v2\/types\/page"}],"author":[{"embeddable":true,"href":"http:\/\/tercermilenio.edu.co\/sitio\/wp-json\/wp\/v2\/users\/1"}],"replies":[{"embeddable":true,"href":"http:\/\/tercermilenio.edu.co\/sitio\/wp-json\/wp\/v2\/comments?post=14"}],"version-history":[{"count":7,"href":"http:\/\/tercermilenio.edu.co\/sitio\/wp-json\/wp\/v2\/pages\/14\/revisions"}],"predecessor-version":[{"id":344,"href":"http:\/\/tercermilenio.edu.co\/sitio\/wp-json\/wp\/v2\/pages\/14\/revisions\/344"}],"up":[{"embeddable":true,"href":"http:\/\/tercermilenio.edu.co\/sitio\/wp-json\/wp\/v2\/pages\/10"}],"wp:attachment":[{"href":"http:\/\/tercermilenio.edu.co\/sitio\/wp-json\/wp\/v2\/media?parent=14"}],"curies":[{"name":"wp","href":"https:\/\/api.w.org\/{rel}","templated":true}]}}